. Determine m(z).
-8
Let z(d) be the first derivative of d**6/360 - 7*d**5/120 + 7*d**3/3 - 32. Let u(b) be the third derivative of z(b). What is u(5)?
-10
Let h(f) = f**3 - f**2 + 5. Let d be (6/(-2) - -2)*-2. Suppose d*p = 26 - 2. Let x(c) = -c**3 + 11*c**2 + 13*c - 12. Let z be x(p). Calculate h(z).
5
Let u(q) = -7*q**2 + 4*q + 2. Let d = -22 + 23. Let a(r) = r**3. Let n(g) = d*u(g) + a(g). Give n(6).
-10
Let h(c) = 8*c + 17. Let a(u) = 3*u + 6. Suppose -6*w = -0 - 24. Let n(i) = w*h(i) - 11*a(i). Give n(4).
-2
Let o(z) = z**3 + 4*z**2 + 4*z + 2. Let u = -92 + 96. Suppose -10 = 5*l + u*d, d = -d. Calculate o(l).
2
Let q be (-8)/2 + -1 + 34. Let m = -26 + q. Let f(a) = -m*a**2 - 2*a - a**2 + 5*a**2 - 9 + 10. What is f(4)?
9
Let a(u) = -u + 2. Let z(c) be the first derivative of 2*c + 1/2*c**2 + 1. Let s be z(-6). What is a(s)?
6
Let t(u) = -u**3 - 3*u**2 + 2. Suppose -4*o = -4*n + n + 27, 3*o = 4*n - 29. Let j be t(o). Let k(y) = -1 - j - 5*y - y**2 + 2*y - 3*y. Determine k(-4).
5
Suppose 0 = -2*w - 2*w - 2*v + 16, 0 = 4*v + 8. Suppose -h + w = -0. Let n = h + -4. Let g(r) = -3*r**3 + r**2 - r + 1. Determine g(n).
-2
Suppose 0 = -2*f + 5*f - 15. Suppose -5*d + 32 = -v, -f*d + 4*v = -0*v - 23. Let w(j) = j - 7. Calculate w(d).
0
Let p be (-3)/(((-15)/13)/5). Let x = p - 13. Let q(s) = -2 + x + 6 - 3*s. Determine q(-3).
13
Let a = -3 + 6. Suppose 4*o - 1 = a. Let i(y) = -13*y**2 - o + 7*y**2 + 7*y**2. Give i(-3).
8
Let p(z) be the first derivative of z**6/120 + z**5/20 - z**4/8 + z**3/6 + z**2/2 + 2. Let i(r) be the second derivative of p(r). Let y = -110 + 106. Give i(y).
-3
Suppose 0 = -5*i + 48 - 3. Suppose -2*l - 3 + i = 0, 2*y + 4*l = 8. Let c(f) = 9*f - 10*f + 8*f - 2. What is c(y)?
-16
Let r be (-3 + 4)*(4 - -3). Let y(o) = -2*o + 9. Calculate y(r).
-5
Let x(m) be the first derivative of m**4/4 - 5*m**3/3 - 2*m**2 + 4*m - 15. What is x(5)?
-16
Let k(a) = -5*a**2 + 2*a - 7. Let g(m) = -6*m**2 + 3*m - 8. Let i(x) = -4*g(x) + 5*k(x). Give i(-4).
-11
Let g(y) = 4*y + 7. Let l(a) be the first derivative of -9*a**2/2 - 15*a + 12. Let s = -8 + -5. Let c(j) = s*g(j) - 6*l(j). Give c(-4).
-9
Let d(f) = -2*f - 20. Suppose -59 = 5*g + i + i, -4*g + 5*i - 67 = 0. What is d(g)?
6
Let u(q) = -5*q - 2 - q + 3. Let h(b) = -b**2 - 8*b. Let a be h(-8). Suppose 2*n + 3*p - 2*p + 1 = a, 3*p - 4 = n. Determine u(n).
7
Let x(h) be the second derivative of -3*h**5/10 - h**4/2 + 7*h**3/6 - h**2/2 - 61*h. What is x(1)?
-6
Let j(g) = -g + 4. Let f be ((-8)/12)/((-4)/(-48)). Let c(m) = 2*m + 16. Let i be c(f). Suppose i = 3*q - 5*v + 3 + 24, 0 = 4*q + 5*v + 1. Calculate j(q).
8
Let q(c) = -1 + 7 - 7 + 5 - c. Calculate q(5).
-1
Let w(z) = -z**3 + 5*z**2 + 2. Suppose -87*r = -28*r - 354. Give w(r).
-34
Suppose 348 + 36 = -48*m. Let k(u) = u**3 + 7*u**2 - 7*u - 10. Give k(m).
-18
Let x be -1 - ((5 - 1) + -30). Suppose 0 = -5*j + x - 0. Suppose 0 = j*a - 10 - 5. Let s(u) = -2*u + 4. Calculate s(a).
-2
Let o(h) = h + 1. Let y be o(7). Let m be y/(-32)*(-9 + 1). Suppose -m*z + 0 = -10. Let r(l) = -2*l + 5. Give r(z).
-5
Let w(h) = 4*h**2 - h + 1. Let p(y) = y**2 + 1. Let k(l) = 2*p(l) - w(l). Let r(b) = b + 7. Let u be ((-6)/12)/((-2)/(-20)). Let f be r(u). Determine k(f).
-5
Let z be (-3)/6*0*-1 + 51. Let k = z + -50. Let q(j) = -5*j**3 + 1. Calculate q(k).
-4
Let f(m) = -7*m + 17. Let u be f(-9). Suppose -4*q + 48 = u. Let x(a) = 2*a + 6. What is x(q)?
-10
Let n(j) = 15 + 844*j**3 - 843*j**3 + 12 + j + 0*j. Give n(0).
27
Let a(h) = -h**3 - 7*h**2 - 5. Let u(o) = o**3 + 8*o**2 + 6. Let z(l) = -6*a(l) - 5*u(l). Calculate z(-2).
0
Let a(o) = 2*o**2 - 5*o + 6. Let h be a(3). Let k(w) = h + 2*w + 2*w + w - 3*w. Suppose -2*f = -3*t, 5*t + 34 = -3*f + t. Give k(f).
-3
Let l(w) = w**2 - 6*w + 1. Let b(n) = n**3 - 5*n**2 - 6*n + 1. Let r be b(6). Suppose -5*m + 3*p = -13, 4*p - p - r = -2*m. Suppose -i + m = -3. Calculate l(i).
-4
Let y(o) be the second derivative of o**5/20 + 5*o**4/4 - 17*o**3/6 - 9*o**2/2 + 3*o + 4. Calculate y(-16).
7
Let i = -7 - -9. Suppose -l = i*v + 6, -4 = -l + v + 2. Suppose 0 = l*m + m + 15. Let q(j) = j**3 + 5*j**2 + j + 4. What is q(m)?
-1
Let o = -2057 + 2061. Let p(y) = -2*y**3 + 5*y**2 + 6*y - 10. What is p(o)?
-34
Let x(n) be the second derivative of n**5/20 + n**4/6 - n**3/2 + n**2/2 + n. Suppose -2*j + 113 = 2*c + 109, -5*j = c - 2. Determine x(c).
11
Let l(a) = a**2 + 3*a - 8. Suppose s = -3*s + 2*s. Suppose s = -0*f + 9*f + 63. What is l(f)?
20
Let w = -311 + 315. Let r(a) = a**3 - 5*a**2 - 1. What is r(w)?
-17
Let h(r) = r**3 + 4*r**2 - r. Let m(b) = b**3 - 10*b**2 + 17*b - 12. Suppose -17*k = -22*k + 40. Let g be m(k). Calculate h(g).
4
Let c be 3 + 115/(0 + -5). Let h be c/6*(-39)/26. Let u(x) = x**3 - 4*x**2 - 4*x + 3. What is u(h)?
8
Let a = -45 - -47. Let i(m) = 4*m - m - m**a - 11*m + 2*m**2. Give i(7).
-7
Let n(c) = c + 7. Let b(i) = 5*i**2 + 11*i + 23. Let p(k) = -k**2 + k - 1. Let j(w) = b(w) + 4*p(w). Let r be j(-13). Give n(r).
0
Let f(w) = -2*w**2 + 7*w. Let p be -3 - -11 - -3 - 3. Let l(d) = 10*d**2 - p*d**2 - 5*d**2 + 13*d + 1. Let k(y) = -5*f(y) + 3*l(y). What is k(-5)?
8
Let v(s) = s**2 - 4*s - 7. Suppose 3*l = -2*l + 30. Let r be v(l). Let d(n) = n**2 + 5 + 10*n + 11*n - 29*n. What is d(r)?
-10
Let i(c) = 3*c**3 + 2*c**2 + 2*c + 1. Let o(v) = -v**3 - 4*v**2 - v + 5. Let u be o(-3). Calculate i(u).
-2
Let y(w) = -w**3 + 6*w**2 - 5*w + 6. Let f(a) = -4*a. Let p be f(-1). Let n be p/(-3)*(-6)/4. Suppose 18 = 4*v - n. What is y(v)?
6
Let l(c) = 3*c. Let v(f) = -10*f**2 - 23*f + 35 + 12*f**2 - f**2 + 8*f. Let p be v(12). What is l(p)?
-3
Let b = 43 - -33. Let f = -83 + b. Let r(p) = -p**3 - 7*p**2 + 5. Calculate r(f).
5
Let a(n) = 0*n + 4*n - 1964 + n + 1971. Calculate a(-5).
-18
Let c(z) be the second derivative of z**4/6 - 5*z**3/6 + 2*z**2 + 14*z + 2. Give c(3).
7
Let y(h) = -h**3 + 5*h**2 - 4*h - 4. Suppose 5*f + 303 = 108. Let v = -35 - f. What is y(v)?
-4
Suppose -5*k = 4*r + 128, -96 = 5*k - r + 22. Let l = k - -22. Let f(i) = i**2 + 2*i + 3. What is f(l)?
3
Let u(t) = -7*t + 3. Let s(d) = d**3 + 7*d**2 - 11*d - 6. Let l be s(-8). Let j = -16 + l. Give u(j).
-11
Let g = -17 + 11. Let x(z) = -7*z**2 - 3 + 101324*z + 11 - 101331*z - z**3. Determine x(g).
14
Let v(q) = 60*q**2 + 4*q - 2. Let u(c) = -27*c**2 - 2*c + 1. Let s(p) = 9*u(p) + 4*v(p). Give s(-3).
-20
Let v(m) be the third derivative of -m**4/12 - 5*m**3/6 + m**2. Suppose -10*w + 7*w = -5*o - 29, -14*w + 5*o = -117. What is v(w)?
-21
Let p(d) be the first derivative of 5*d**2/2 - 15*d - 184. Calculate p(6).
15
Let y(z) = z**2 - 2*z - 3. Suppose 7*d - 2*d - 525 = 0. Let v = d + -65. Suppose v = 4*f - 5*j, -f - 5 = -6*f - 5*j. Determine y(f).
12
Let z(h) = 4*h**2 - h - 7. Let n(l) = -l**2 + 2*l - 1. Let q(f) = 3*n(f) + z(f). What is q(-9)?
26
Let a(i) = 0 + 89*i**2 + 3*i**3 + 1 - 87*i**2 - 4*i**3. Calculate a(3).
-8
Let b(y) = 12 - 8 + 2*y**3 - 2*y - y**3 + 2*y**2 - 3. Give b(-2).
5
Let l(m) be the third derivative of m**4/6 - 2*m**2. Let k be (20/45)/((-6)/(-27)). Calculate l(k).
8
Suppose 4*u = -5*l + u + 37, -4*u + 16 = 0. Let x be 2/5*5*(0 + l). Let s(a) = 2*a - 14. Determine s(x).
6
Let v(d) = 9*d**3 - 3*d**2 + 1 + 6*d**3 - 5*d - 14*d**3. Suppose 6*a + 5 = 5*a. Let c be (-18)/(-45) + (-18)/a. Calculate v(c).
-3
Let h = 33 - 30. Let f(d) = 0 + 4*d - 3*d + h. Let p = 10 + -15. Determine f(p).
-2
Let q(k) = 2*k + 1. Let y(s) = 2*s + 2. Let g(n) = -3*q(n) + 2*y(n). Let i be g(3). Let m(o) = o**3 + 5*o**2 - o + 2. What is m(i)?
7
Suppose 14 = -5*y + 29. Suppose -4*w = -2*h + 16, -y*h - 26 = 4*w - 0*h. Let n(j) = j**3 + 6*j**2 + 4*j - 2. What is n(w)?
3
Let s = 874 - 873. Let o(f) = -42*f**2 + 2*f - 1. Calculate o(s).
-41
Let d(h) be the third derivative of -h**5/20 + h**3/6 + 82*h**2 + 2. Let x = -5 - -7. Give d(x).
-11
Let r be (4 - -2 - 1)*1. Let n(c) be the second derivative of -c**4/12 + c**3 - 3*c**2 - 2*c. Give n(r).
-1
Let j(i) = i**2 - i + 11. Let s(v) = 26*v + 78. Let c be s(-3). Give j(c).
11
Suppose -3*u + 11 = t, -5*u + 2*t = -2*t - 24. Let a(p) = 4*p**3 - p**2 + p + 1. Let o(g) = -g**3 - g**2. Let h(r) = -a(r) - 3*o(r). What is h(u)?
-5
Let g(k) = -k**2 + 10*k - 12. Let o(c) = -25*c + 11. Let a be o(0). Give g(a).
-23
Let z = -3 - 1. Let q(b) = -